{"id":541,"date":"2024-08-19T12:47:50","date_gmt":"2024-08-19T10:47:50","guid":{"rendered":"https:\/\/woodletics.com\/?post_type=product&#038;p=541"},"modified":"2026-01-14T13:54:51","modified_gmt":"2026-01-14T12:54:51","slug":"deadlift-bloecke","status":"publish","type":"product","link":"https:\/\/www.woodgym.de\/english\/product\/deadlift-bloecke\/","title":{"rendered":"Deadlift blocks (pair)"},"content":{"rendered":"","protected":false},"excerpt":{"rendered":"<p data-start=\"123\" data-end=\"449\">Die WoodGym-Deadlift-Bl\u00f6cke sind die ideale L\u00f6sung f\u00fcr ein schonendes und sicheres Heben. Sie erm\u00f6glichen ein Training aus verschiedenen H\u00f6hen, um Technik, Kraftaufbau und Bewegungsablauf optimal zu variieren. Gefertigt aus Kiefer-Schichtholzplatte, bieten die Bl\u00f6cke maximale Stabilit\u00e4t und sind gleichzeitig kompakt und stapelbar.<\/p>\n<p data-start=\"451\" data-end=\"699\">Ein besonderes Highlight: In Kombination mit der WoodGym-Widerstandsband-Plattform lassen sich die Deadlift Bl\u00f6cke zu einer mobilen, leicht verstaubaren Deadlift-Plattform erweitern \u2013 perfekt f\u00fcr Home Gyms oder den flexiblen Einsatz im Studio.<\/p>\n<p data-start=\"701\" data-end=\"887\">Robust, modular und durchdacht: Mit den WoodGym-Deadlift-Bl\u00f6cken bringst du Funktionalit\u00e4t, Flexibilit\u00e4t und Sicherheit in dein Training \u2013 kompakt, stabil und vielseitig einsetzbar.<\/p>\n<p data-start=\"701\" data-end=\"887\"><strong>Handcrafted quality \u2018Made in Berlin\u2019<\/strong><\/p>\n<p data-start=\"701\" data-end=\"887\"><img fetchpriority=\"high\" decoding=\"async\" class=\"alignnone size-full wp-image-3027\" src=\"https:\/\/woodletics.com\/wp-content\/uploads\/2025\/10\/Fitness-Holz-Equipment-Woodletics-004-e1759311652794.png\" alt=\"\" width=\"1200\" height=\"570\" srcset=\"https:\/\/www.woodgym.de\/wp-content\/uploads\/2025\/10\/Fitness-Holz-Equipment-Woodletics-004-e1759311652794.png 1200w, https:\/\/www.woodgym.de\/wp-content\/uploads\/2025\/10\/Fitness-Holz-Equipment-Woodletics-004-e1759311652794-300x143.png 300w, https:\/\/www.woodgym.de\/wp-content\/uploads\/2025\/10\/Fitness-Holz-Equipment-Woodletics-004-e1759311652794-1024x486.png 1024w, https:\/\/www.woodgym.de\/wp-content\/uploads\/2025\/10\/Fitness-Holz-Equipment-Woodletics-004-e1759311652794-768x365.png 768w, https:\/\/www.woodgym.de\/wp-content\/uploads\/2025\/10\/Fitness-Holz-Equipment-Woodletics-004-e1759311652794-18x9.png 18w, https:\/\/www.woodgym.de\/wp-content\/uploads\/2025\/10\/Fitness-Holz-Equipment-Woodletics-004-e1759311652794-600x285.png 600w\" sizes=\"(max-width: 1200px) 100vw, 1200px\" \/><br data-start=\"803\" data-end=\"806\" \/>Our deadlift blocks are handmade in Berlin from sturdy laminated pine wood. The modular design is precision-crafted to provide you with a durable, stackable solution that supports both technique and strength training. Regional, functional and resilient \u2013 made for your home gym.<\/p>","protected":false},"featured_media":2441,"comment_status":"open","ping_status":"closed","template":"","meta":{"iawp_total_views":25},"product_brand":[],"product_cat":[62],"product_tag":[],"class_list":{"0":"post-541","1":"product","2":"type-product","3":"status-publish","4":"has-post-thumbnail","6":"product_cat-strength-training","7":"product_shipping_class-m","9":"first","10":"instock","11":"shipping-taxable","12":"purchasable","13":"product-type-simple"},"yoast_head":"<!-- This site is optimized with the Yoast SEO plugin v27.4 - https:\/\/yoast.com\/product\/yoast-seo-wordpress\/ -->\n<title>Holz Fitness Equipment: Deadlifz Bl\u00f6cke Blocks<\/title>\n<meta name=\"description\" content=\"Holz Deadlift Blocks f\u00fcr Technik, Kraftaufbau &amp; variablen Startpositionen. Stabil, stapelbar &amp; kombinierbar mit Resistance-Band-Plattform.\" \/>\n<meta name=\"robots\" content=\"index, follow, max-snippet:-1, max-image-preview:large, max-video-preview:-1\" \/>\n<link rel=\"canonical\" href=\"https:\/\/www.woodgym.de\/english\/product\/deadlift-bloecke\/\" \/>\n<meta property=\"og:locale\" content=\"en_GB\" \/>\n<meta property=\"og:type\" content=\"article\" \/>\n<meta property=\"og:title\" content=\"Holz Fitness Equipment: Deadlifz Bl\u00f6cke Blocks\" \/>\n<meta property=\"og:description\" content=\"Holz Deadlift Blocks f\u00fcr Technik, Kraftaufbau &amp; variablen Startpositionen. Stabil, stapelbar &amp; kombinierbar mit Resistance-Band-Plattform.\" \/>\n<meta property=\"og:url\" content=\"https:\/\/www.woodgym.de\/english\/product\/deadlift-bloecke\/\" \/>\n<meta property=\"og:site_name\" content=\"Holz-Fitnessger\u00e4te von WoodGym\" \/>\n<meta property=\"article:modified_time\" content=\"2026-01-14T12:54:51+00:00\" \/>\n<meta property=\"og:image\" content=\"https:\/\/www.woodgym.de\/wp-content\/uploads\/2025\/09\/Fitness-Holz-Equipment-Woodletics-Deadlift-Blocks-327.png\" \/>\n\t<meta property=\"og:image:width\" content=\"900\" \/>\n\t<meta property=\"og:image:height\" content=\"1200\" \/>\n\t<meta property=\"og:image:type\" content=\"image\/png\" \/>\n<meta name=\"twitter:card\" content=\"summary_large_image\" \/>\n<meta name=\"twitter:label1\" content=\"Estimated reading time\" \/>\n\t<meta name=\"twitter:data1\" content=\"1 minute\" \/>\n<script type=\"application\/ld+json\" class=\"yoast-schema-graph\">{\"@context\":\"https:\\\/\\\/schema.org\",\"@graph\":[{\"@type\":\"WebPage\",\"@id\":\"https:\\\/\\\/www.woodgym.de\\\/produkt\\\/deadlift-bloecke\\\/\",\"url\":\"https:\\\/\\\/www.woodgym.de\\\/produkt\\\/deadlift-bloecke\\\/\",\"name\":\"Holz Fitness Equipment: Deadlifz Bl\u00f6cke Blocks\",\"isPartOf\":{\"@id\":\"https:\\\/\\\/www.woodgym.de\\\/#website\"},\"primaryImageOfPage\":{\"@id\":\"https:\\\/\\\/www.woodgym.de\\\/produkt\\\/deadlift-bloecke\\\/#primaryimage\"},\"image\":{\"@id\":\"https:\\\/\\\/www.woodgym.de\\\/produkt\\\/deadlift-bloecke\\\/#primaryimage\"},\"thumbnailUrl\":\"https:\\\/\\\/www.woodgym.de\\\/wp-content\\\/uploads\\\/2025\\\/09\\\/Fitness-Holz-Equipment-Woodletics-Deadlift-Blocks-327.png\",\"datePublished\":\"2024-08-19T10:47:50+00:00\",\"dateModified\":\"2026-01-14T12:54:51+00:00\",\"description\":\"Holz Deadlift Blocks f\u00fcr Technik, Kraftaufbau & variablen Startpositionen. Stabil, stapelbar & kombinierbar mit Resistance-Band-Plattform.\",\"breadcrumb\":{\"@id\":\"https:\\\/\\\/www.woodgym.de\\\/produkt\\\/deadlift-bloecke\\\/#breadcrumb\"},\"inLanguage\":\"en-GB\",\"potentialAction\":[{\"@type\":\"ReadAction\",\"target\":[\"https:\\\/\\\/www.woodgym.de\\\/produkt\\\/deadlift-bloecke\\\/\"]}]},{\"@type\":\"ImageObject\",\"inLanguage\":\"en-GB\",\"@id\":\"https:\\\/\\\/www.woodgym.de\\\/produkt\\\/deadlift-bloecke\\\/#primaryimage\",\"url\":\"https:\\\/\\\/www.woodgym.de\\\/wp-content\\\/uploads\\\/2025\\\/09\\\/Fitness-Holz-Equipment-Woodletics-Deadlift-Blocks-327.png\",\"contentUrl\":\"https:\\\/\\\/www.woodgym.de\\\/wp-content\\\/uploads\\\/2025\\\/09\\\/Fitness-Holz-Equipment-Woodletics-Deadlift-Blocks-327.png\",\"width\":900,\"height\":1200},{\"@type\":\"BreadcrumbList\",\"@id\":\"https:\\\/\\\/www.woodgym.de\\\/produkt\\\/deadlift-bloecke\\\/#breadcrumb\",\"itemListElement\":[{\"@type\":\"ListItem\",\"position\":1,\"name\":\"Startseite\",\"item\":\"https:\\\/\\\/www.woodgym.de\\\/\"},{\"@type\":\"ListItem\",\"position\":2,\"name\":\"Shop\",\"item\":\"https:\\\/\\\/www.woodgym.de\\\/shop-2\\\/\"},{\"@type\":\"ListItem\",\"position\":3,\"name\":\"Deadlift Bl\u00f6cke (Paar)\"}]},{\"@type\":\"WebSite\",\"@id\":\"https:\\\/\\\/www.woodgym.de\\\/#website\",\"url\":\"https:\\\/\\\/www.woodgym.de\\\/\",\"name\":\"Holz-Fitnessger\u00e4te von WoodGym\",\"description\":\"Fitnessger\u00e4te aus Holz\",\"publisher\":{\"@id\":\"https:\\\/\\\/www.woodgym.de\\\/#organization\"},\"potentialAction\":[{\"@type\":\"SearchAction\",\"target\":{\"@type\":\"EntryPoint\",\"urlTemplate\":\"https:\\\/\\\/www.woodgym.de\\\/?s={search_term_string}\"},\"query-input\":{\"@type\":\"PropertyValueSpecification\",\"valueRequired\":true,\"valueName\":\"search_term_string\"}}],\"inLanguage\":\"en-GB\"},{\"@type\":\"Organization\",\"@id\":\"https:\\\/\\\/www.woodgym.de\\\/#organization\",\"name\":\"Holz-Fitnessger\u00e4te von WoodGym\",\"url\":\"https:\\\/\\\/www.woodgym.de\\\/\",\"logo\":{\"@type\":\"ImageObject\",\"inLanguage\":\"en-GB\",\"@id\":\"https:\\\/\\\/www.woodgym.de\\\/#\\\/schema\\\/logo\\\/image\\\/\",\"url\":\"https:\\\/\\\/www.woodgym.de\\\/wp-content\\\/uploads\\\/2026\\\/01\\\/woodgym-nur-text-black-bold-200-header.png\",\"contentUrl\":\"https:\\\/\\\/www.woodgym.de\\\/wp-content\\\/uploads\\\/2026\\\/01\\\/woodgym-nur-text-black-bold-200-header.png\",\"width\":200,\"height\":29,\"caption\":\"Holz-Fitnessger\u00e4te von WoodGym\"},\"image\":{\"@id\":\"https:\\\/\\\/www.woodgym.de\\\/#\\\/schema\\\/logo\\\/image\\\/\"}}]}<\/script>\n<!-- \/ Yoast SEO plugin. -->","yoast_head_json":{"title":"Holz Fitness Equipment: Deadlifz Bl\u00f6cke Blocks","description":"Holz Deadlift Blocks f\u00fcr Technik, Kraftaufbau & variablen Startpositionen. Stabil, stapelbar & kombinierbar mit Resistance-Band-Plattform.","robots":{"index":"index","follow":"follow","max-snippet":"max-snippet:-1","max-image-preview":"max-image-preview:large","max-video-preview":"max-video-preview:-1"},"canonical":"https:\/\/www.woodgym.de\/english\/product\/deadlift-bloecke\/","og_locale":"en_GB","og_type":"article","og_title":"Holz Fitness Equipment: Deadlifz Bl\u00f6cke Blocks","og_description":"Holz Deadlift Blocks f\u00fcr Technik, Kraftaufbau & variablen Startpositionen. Stabil, stapelbar & kombinierbar mit Resistance-Band-Plattform.","og_url":"https:\/\/www.woodgym.de\/english\/product\/deadlift-bloecke\/","og_site_name":"Holz-Fitnessger\u00e4te von WoodGym","article_modified_time":"2026-01-14T12:54:51+00:00","og_image":[{"width":900,"height":1200,"url":"https:\/\/www.woodgym.de\/wp-content\/uploads\/2025\/09\/Fitness-Holz-Equipment-Woodletics-Deadlift-Blocks-327.png","type":"image\/png"}],"twitter_card":"summary_large_image","twitter_misc":{"Estimated reading time":"1 minute"},"schema":{"@context":"https:\/\/schema.org","@graph":[{"@type":"WebPage","@id":"https:\/\/www.woodgym.de\/produkt\/deadlift-bloecke\/","url":"https:\/\/www.woodgym.de\/produkt\/deadlift-bloecke\/","name":"Holz Fitness Equipment: Deadlifz Bl\u00f6cke Blocks","isPartOf":{"@id":"https:\/\/www.woodgym.de\/#website"},"primaryImageOfPage":{"@id":"https:\/\/www.woodgym.de\/produkt\/deadlift-bloecke\/#primaryimage"},"image":{"@id":"https:\/\/www.woodgym.de\/produkt\/deadlift-bloecke\/#primaryimage"},"thumbnailUrl":"https:\/\/www.woodgym.de\/wp-content\/uploads\/2025\/09\/Fitness-Holz-Equipment-Woodletics-Deadlift-Blocks-327.png","datePublished":"2024-08-19T10:47:50+00:00","dateModified":"2026-01-14T12:54:51+00:00","description":"Holz Deadlift Blocks f\u00fcr Technik, Kraftaufbau & variablen Startpositionen. Stabil, stapelbar & kombinierbar mit Resistance-Band-Plattform.","breadcrumb":{"@id":"https:\/\/www.woodgym.de\/produkt\/deadlift-bloecke\/#breadcrumb"},"inLanguage":"en-GB","potentialAction":[{"@type":"ReadAction","target":["https:\/\/www.woodgym.de\/produkt\/deadlift-bloecke\/"]}]},{"@type":"ImageObject","inLanguage":"en-GB","@id":"https:\/\/www.woodgym.de\/produkt\/deadlift-bloecke\/#primaryimage","url":"https:\/\/www.woodgym.de\/wp-content\/uploads\/2025\/09\/Fitness-Holz-Equipment-Woodletics-Deadlift-Blocks-327.png","contentUrl":"https:\/\/www.woodgym.de\/wp-content\/uploads\/2025\/09\/Fitness-Holz-Equipment-Woodletics-Deadlift-Blocks-327.png","width":900,"height":1200},{"@type":"BreadcrumbList","@id":"https:\/\/www.woodgym.de\/produkt\/deadlift-bloecke\/#breadcrumb","itemListElement":[{"@type":"ListItem","position":1,"name":"Startseite","item":"https:\/\/www.woodgym.de\/"},{"@type":"ListItem","position":2,"name":"Shop","item":"https:\/\/www.woodgym.de\/shop-2\/"},{"@type":"ListItem","position":3,"name":"Deadlift Bl\u00f6cke (Paar)"}]},{"@type":"WebSite","@id":"https:\/\/www.woodgym.de\/#website","url":"https:\/\/www.woodgym.de\/","name":"Holz-Fitnessger\u00e4te von WoodGym","description":"Fitnessger\u00e4te aus Holz","publisher":{"@id":"https:\/\/www.woodgym.de\/#organization"},"potentialAction":[{"@type":"SearchAction","target":{"@type":"EntryPoint","urlTemplate":"https:\/\/www.woodgym.de\/?s={search_term_string}"},"query-input":{"@type":"PropertyValueSpecification","valueRequired":true,"valueName":"search_term_string"}}],"inLanguage":"en-GB"},{"@type":"Organization","@id":"https:\/\/www.woodgym.de\/#organization","name":"Holz-Fitnessger\u00e4te von WoodGym","url":"https:\/\/www.woodgym.de\/","logo":{"@type":"ImageObject","inLanguage":"en-GB","@id":"https:\/\/www.woodgym.de\/#\/schema\/logo\/image\/","url":"https:\/\/www.woodgym.de\/wp-content\/uploads\/2026\/01\/woodgym-nur-text-black-bold-200-header.png","contentUrl":"https:\/\/www.woodgym.de\/wp-content\/uploads\/2026\/01\/woodgym-nur-text-black-bold-200-header.png","width":200,"height":29,"caption":"Holz-Fitnessger\u00e4te von WoodGym"},"image":{"@id":"https:\/\/www.woodgym.de\/#\/schema\/logo\/image\/"}}]}},"_links":{"self":[{"href":"https:\/\/www.woodgym.de\/english\/wp-json\/wp\/v2\/product\/541","targetHints":{"allow":["GET"]}}],"collection":[{"href":"https:\/\/www.woodgym.de\/english\/wp-json\/wp\/v2\/product"}],"about":[{"href":"https:\/\/www.woodgym.de\/english\/wp-json\/wp\/v2\/types\/product"}],"replies":[{"embeddable":true,"href":"https:\/\/www.woodgym.de\/english\/wp-json\/wp\/v2\/comments?post=541"}],"wp:featuredmedia":[{"embeddable":true,"href":"https:\/\/www.woodgym.de\/english\/wp-json\/wp\/v2\/media\/2441"}],"wp:attachment":[{"href":"https:\/\/www.woodgym.de\/english\/wp-json\/wp\/v2\/media?parent=541"}],"wp:term":[{"taxonomy":"product_brand","embeddable":true,"href":"https:\/\/www.woodgym.de\/english\/wp-json\/wp\/v2\/product_brand?post=541"},{"taxonomy":"product_cat","embeddable":true,"href":"https:\/\/www.woodgym.de\/english\/wp-json\/wp\/v2\/product_cat?post=541"},{"taxonomy":"product_tag","embeddable":true,"href":"https:\/\/www.woodgym.de\/english\/wp-json\/wp\/v2\/product_tag?post=541"}],"curies":[{"name":"wp","href":"https:\/\/api.w.org\/{rel}","templated":true}]}}