{"id":1494,"date":"2025-08-19T09:51:06","date_gmt":"2025-08-19T07:51:06","guid":{"rendered":"https:\/\/woodletics.com\/?post_type=product&#038;p=1494"},"modified":"2026-01-14T14:00:34","modified_gmt":"2026-01-14T13:00:34","slug":"maxi-deadlift-jack","status":"publish","type":"product","link":"https:\/\/www.woodgym.de\/english\/product\/maxi-deadlift-jack\/","title":{"rendered":"Maxi Deadlift Jack"},"content":{"rendered":"","protected":false},"excerpt":{"rendered":"<p data-start=\"157\" data-end=\"469\">Der WoodGym-Maxi-Deadlift Jack ist die perfekte Erg\u00e4nzung f\u00fcr alle, die beim Training keine Kompromisse eingehen wollen. Als gro\u00dfer Bruder unseres Mini-Jacks erm\u00f6glicht er dir das Heben der Hantelstange ohne B\u00fccken \u2013 ideal, um deinen R\u00fccken zu entlasten und Gewichtsscheiben im Handumdrehen zu wechseln.<\/p>\n<p data-start=\"471\" data-end=\"750\">Made from solid wood, the Maxi Deadlift Jack impresses with its stability, durability and functional design. Its back-friendly handling, quick loading and unloading of the barbell and generous design ensure maximum comfort during every workout.<\/p>\n<p data-start=\"752\" data-end=\"1009\">Robust, langlebig und durchdacht: Mit dem WoodGym-Maxi-Deadlift Jack bringst du Effizienz, Komfort und Qualit\u00e4t in dein Training \u2013 die ideale Wahl f\u00fcr ambitionierte Kraftsportler und Home Gyms, die die Vorteile des Minis noch gr\u00f6\u00dfer erleben wollen.<\/p>\n<p data-start=\"752\" data-end=\"1009\"><strong>Handcrafted quality \u2018Made in Berlin\u2019<\/strong><\/p>\n<p data-start=\"752\" data-end=\"1009\"><img fetchpriority=\"high\" decoding=\"async\" class=\"alignnone size-full wp-image-3030\" src=\"https:\/\/woodletics.com\/wp-content\/uploads\/2025\/10\/Fitness-Holz-Equipment-Woodletics-007-e1759311750558.png\" alt=\"\" width=\"1200\" height=\"494\" srcset=\"https:\/\/www.woodgym.de\/wp-content\/uploads\/2025\/10\/Fitness-Holz-Equipment-Woodletics-007-e1759311750558.png 1200w, https:\/\/www.woodgym.de\/wp-content\/uploads\/2025\/10\/Fitness-Holz-Equipment-Woodletics-007-e1759311750558-300x124.png 300w, https:\/\/www.woodgym.de\/wp-content\/uploads\/2025\/10\/Fitness-Holz-Equipment-Woodletics-007-e1759311750558-1024x422.png 1024w, https:\/\/www.woodgym.de\/wp-content\/uploads\/2025\/10\/Fitness-Holz-Equipment-Woodletics-007-e1759311750558-768x316.png 768w, https:\/\/www.woodgym.de\/wp-content\/uploads\/2025\/10\/Fitness-Holz-Equipment-Woodletics-007-e1759311750558-18x7.png 18w, https:\/\/www.woodgym.de\/wp-content\/uploads\/2025\/10\/Fitness-Holz-Equipment-Woodletics-007-e1759311750558-600x247.png 600w\" sizes=\"(max-width: 1200px) 100vw, 1200px\" \/><br data-start=\"371\" data-end=\"374\" \/>Der WoodGym-Maxi-Deadlift Jack wird in Berlin aus massivem, regionalem Fichtenholz gefertigt. Jedes St\u00fcck entsteht in sorgf\u00e4ltiger Handarbeit und \u00fcberzeugt durch seine robuste Bauweise, die auch schwerste Lasten zuverl\u00e4ssig tr\u00e4gt. Nachhaltig produziert und mit klarer Formsprache gestaltet, bringt er Funktionalit\u00e4t und echtes Handwerk direkt in dein Training.<\/p>","protected":false},"featured_media":3276,"comment_status":"closed","ping_status":"closed","template":"","meta":{"iawp_total_views":16},"product_brand":[],"product_cat":[39,62],"product_tag":[],"class_list":{"0":"post-1494","1":"product","2":"type-product","3":"status-publish","4":"has-post-thumbnail","6":"product_cat-gym-accessories","7":"product_cat-strength-training","9":"first","10":"instock","11":"shipping-taxable","12":"purchasable","13":"product-type-simple"},"yoast_head":"<!-- This site is optimized with the Yoast SEO plugin v27.4 - https:\/\/yoast.com\/product\/yoast-seo-wordpress\/ -->\n<title>Holz Fitness Equipment: Deadlift Jack<\/title>\n<meta name=\"description\" content=\"Deadlift Jack aus Holz. R\u00fcckenschonend, leicht &amp; stabil \u2013 perfekt f\u00fcr Home Gym oder unterwegs.\" \/>\n<meta name=\"robots\" content=\"index, follow, max-snippet:-1, max-image-preview:large, max-video-preview:-1\" \/>\n<link rel=\"canonical\" href=\"https:\/\/www.woodgym.de\/english\/product\/maxi-deadlift-jack\/\" \/>\n<meta property=\"og:locale\" content=\"en_GB\" \/>\n<meta property=\"og:type\" content=\"article\" \/>\n<meta property=\"og:title\" content=\"Holz Fitness Equipment: Deadlift Jack\" \/>\n<meta property=\"og:description\" content=\"Deadlift Jack aus Holz. R\u00fcckenschonend, leicht &amp; stabil \u2013 perfekt f\u00fcr Home Gym oder unterwegs.\" \/>\n<meta property=\"og:url\" content=\"https:\/\/www.woodgym.de\/english\/product\/maxi-deadlift-jack\/\" \/>\n<meta property=\"og:site_name\" content=\"Holz-Fitnessger\u00e4te von WoodGym\" \/>\n<meta property=\"article:modified_time\" content=\"2026-01-14T13:00:34+00:00\" \/>\n<meta property=\"og:image\" content=\"https:\/\/www.woodgym.de\/wp-content\/uploads\/2026\/01\/Fitness-Holz-Equipment-WoodGym-deadlift-jack-2.png\" \/>\n\t<meta property=\"og:image:width\" content=\"896\" \/>\n\t<meta property=\"og:image:height\" content=\"1200\" \/>\n\t<meta property=\"og:image:type\" content=\"image\/png\" \/>\n<meta name=\"twitter:card\" content=\"summary_large_image\" \/>\n<meta name=\"twitter:label1\" content=\"Estimated reading time\" \/>\n\t<meta name=\"twitter:data1\" content=\"1 minute\" \/>\n<script type=\"application\/ld+json\" class=\"yoast-schema-graph\">{\"@context\":\"https:\\\/\\\/schema.org\",\"@graph\":[{\"@type\":\"WebPage\",\"@id\":\"https:\\\/\\\/www.woodgym.de\\\/produkt\\\/maxi-deadlift-jack\\\/\",\"url\":\"https:\\\/\\\/www.woodgym.de\\\/produkt\\\/maxi-deadlift-jack\\\/\",\"name\":\"Holz Fitness Equipment: Deadlift Jack\",\"isPartOf\":{\"@id\":\"https:\\\/\\\/www.woodgym.de\\\/#website\"},\"primaryImageOfPage\":{\"@id\":\"https:\\\/\\\/www.woodgym.de\\\/produkt\\\/maxi-deadlift-jack\\\/#primaryimage\"},\"image\":{\"@id\":\"https:\\\/\\\/www.woodgym.de\\\/produkt\\\/maxi-deadlift-jack\\\/#primaryimage\"},\"thumbnailUrl\":\"https:\\\/\\\/www.woodgym.de\\\/wp-content\\\/uploads\\\/2026\\\/01\\\/Fitness-Holz-Equipment-WoodGym-deadlift-jack-2.png\",\"datePublished\":\"2025-08-19T07:51:06+00:00\",\"dateModified\":\"2026-01-14T13:00:34+00:00\",\"description\":\"Deadlift Jack aus Holz. R\u00fcckenschonend, leicht & stabil \u2013 perfekt f\u00fcr Home Gym oder unterwegs.\",\"breadcrumb\":{\"@id\":\"https:\\\/\\\/www.woodgym.de\\\/produkt\\\/maxi-deadlift-jack\\\/#breadcrumb\"},\"inLanguage\":\"en-GB\",\"potentialAction\":[{\"@type\":\"ReadAction\",\"target\":[\"https:\\\/\\\/www.woodgym.de\\\/produkt\\\/maxi-deadlift-jack\\\/\"]}]},{\"@type\":\"ImageObject\",\"inLanguage\":\"en-GB\",\"@id\":\"https:\\\/\\\/www.woodgym.de\\\/produkt\\\/maxi-deadlift-jack\\\/#primaryimage\",\"url\":\"https:\\\/\\\/www.woodgym.de\\\/wp-content\\\/uploads\\\/2026\\\/01\\\/Fitness-Holz-Equipment-WoodGym-deadlift-jack-2.png\",\"contentUrl\":\"https:\\\/\\\/www.woodgym.de\\\/wp-content\\\/uploads\\\/2026\\\/01\\\/Fitness-Holz-Equipment-WoodGym-deadlift-jack-2.png\",\"width\":896,\"height\":1200},{\"@type\":\"BreadcrumbList\",\"@id\":\"https:\\\/\\\/www.woodgym.de\\\/produkt\\\/maxi-deadlift-jack\\\/#breadcrumb\",\"itemListElement\":[{\"@type\":\"ListItem\",\"position\":1,\"name\":\"Startseite\",\"item\":\"https:\\\/\\\/www.woodgym.de\\\/\"},{\"@type\":\"ListItem\",\"position\":2,\"name\":\"Shop\",\"item\":\"https:\\\/\\\/www.woodgym.de\\\/shop-2\\\/\"},{\"@type\":\"ListItem\",\"position\":3,\"name\":\"Maxi Deadlift Jack\"}]},{\"@type\":\"WebSite\",\"@id\":\"https:\\\/\\\/www.woodgym.de\\\/#website\",\"url\":\"https:\\\/\\\/www.woodgym.de\\\/\",\"name\":\"Holz-Fitnessger\u00e4te von WoodGym\",\"description\":\"Fitnessger\u00e4te aus Holz\",\"publisher\":{\"@id\":\"https:\\\/\\\/www.woodgym.de\\\/#organization\"},\"potentialAction\":[{\"@type\":\"SearchAction\",\"target\":{\"@type\":\"EntryPoint\",\"urlTemplate\":\"https:\\\/\\\/www.woodgym.de\\\/?s={search_term_string}\"},\"query-input\":{\"@type\":\"PropertyValueSpecification\",\"valueRequired\":true,\"valueName\":\"search_term_string\"}}],\"inLanguage\":\"en-GB\"},{\"@type\":\"Organization\",\"@id\":\"https:\\\/\\\/www.woodgym.de\\\/#organization\",\"name\":\"Holz-Fitnessger\u00e4te von WoodGym\",\"url\":\"https:\\\/\\\/www.woodgym.de\\\/\",\"logo\":{\"@type\":\"ImageObject\",\"inLanguage\":\"en-GB\",\"@id\":\"https:\\\/\\\/www.woodgym.de\\\/#\\\/schema\\\/logo\\\/image\\\/\",\"url\":\"https:\\\/\\\/www.woodgym.de\\\/wp-content\\\/uploads\\\/2026\\\/01\\\/woodgym-nur-text-black-bold-200-header.png\",\"contentUrl\":\"https:\\\/\\\/www.woodgym.de\\\/wp-content\\\/uploads\\\/2026\\\/01\\\/woodgym-nur-text-black-bold-200-header.png\",\"width\":200,\"height\":29,\"caption\":\"Holz-Fitnessger\u00e4te von WoodGym\"},\"image\":{\"@id\":\"https:\\\/\\\/www.woodgym.de\\\/#\\\/schema\\\/logo\\\/image\\\/\"}}]}<\/script>\n<!-- \/ Yoast SEO plugin. -->","yoast_head_json":{"title":"Holz Fitness Equipment: Deadlift Jack","description":"Deadlift Jack aus Holz. R\u00fcckenschonend, leicht & stabil \u2013 perfekt f\u00fcr Home Gym oder unterwegs.","robots":{"index":"index","follow":"follow","max-snippet":"max-snippet:-1","max-image-preview":"max-image-preview:large","max-video-preview":"max-video-preview:-1"},"canonical":"https:\/\/www.woodgym.de\/english\/product\/maxi-deadlift-jack\/","og_locale":"en_GB","og_type":"article","og_title":"Holz Fitness Equipment: Deadlift Jack","og_description":"Deadlift Jack aus Holz. R\u00fcckenschonend, leicht & stabil \u2013 perfekt f\u00fcr Home Gym oder unterwegs.","og_url":"https:\/\/www.woodgym.de\/english\/product\/maxi-deadlift-jack\/","og_site_name":"Holz-Fitnessger\u00e4te von WoodGym","article_modified_time":"2026-01-14T13:00:34+00:00","og_image":[{"width":896,"height":1200,"url":"https:\/\/www.woodgym.de\/wp-content\/uploads\/2026\/01\/Fitness-Holz-Equipment-WoodGym-deadlift-jack-2.png","type":"image\/png"}],"twitter_card":"summary_large_image","twitter_misc":{"Estimated reading time":"1 minute"},"schema":{"@context":"https:\/\/schema.org","@graph":[{"@type":"WebPage","@id":"https:\/\/www.woodgym.de\/produkt\/maxi-deadlift-jack\/","url":"https:\/\/www.woodgym.de\/produkt\/maxi-deadlift-jack\/","name":"Holz Fitness Equipment: Deadlift Jack","isPartOf":{"@id":"https:\/\/www.woodgym.de\/#website"},"primaryImageOfPage":{"@id":"https:\/\/www.woodgym.de\/produkt\/maxi-deadlift-jack\/#primaryimage"},"image":{"@id":"https:\/\/www.woodgym.de\/produkt\/maxi-deadlift-jack\/#primaryimage"},"thumbnailUrl":"https:\/\/www.woodgym.de\/wp-content\/uploads\/2026\/01\/Fitness-Holz-Equipment-WoodGym-deadlift-jack-2.png","datePublished":"2025-08-19T07:51:06+00:00","dateModified":"2026-01-14T13:00:34+00:00","description":"Deadlift Jack aus Holz. R\u00fcckenschonend, leicht & stabil \u2013 perfekt f\u00fcr Home Gym oder unterwegs.","breadcrumb":{"@id":"https:\/\/www.woodgym.de\/produkt\/maxi-deadlift-jack\/#breadcrumb"},"inLanguage":"en-GB","potentialAction":[{"@type":"ReadAction","target":["https:\/\/www.woodgym.de\/produkt\/maxi-deadlift-jack\/"]}]},{"@type":"ImageObject","inLanguage":"en-GB","@id":"https:\/\/www.woodgym.de\/produkt\/maxi-deadlift-jack\/#primaryimage","url":"https:\/\/www.woodgym.de\/wp-content\/uploads\/2026\/01\/Fitness-Holz-Equipment-WoodGym-deadlift-jack-2.png","contentUrl":"https:\/\/www.woodgym.de\/wp-content\/uploads\/2026\/01\/Fitness-Holz-Equipment-WoodGym-deadlift-jack-2.png","width":896,"height":1200},{"@type":"BreadcrumbList","@id":"https:\/\/www.woodgym.de\/produkt\/maxi-deadlift-jack\/#breadcrumb","itemListElement":[{"@type":"ListItem","position":1,"name":"Startseite","item":"https:\/\/www.woodgym.de\/"},{"@type":"ListItem","position":2,"name":"Shop","item":"https:\/\/www.woodgym.de\/shop-2\/"},{"@type":"ListItem","position":3,"name":"Maxi Deadlift Jack"}]},{"@type":"WebSite","@id":"https:\/\/www.woodgym.de\/#website","url":"https:\/\/www.woodgym.de\/","name":"Holz-Fitnessger\u00e4te von WoodGym","description":"Fitnessger\u00e4te aus Holz","publisher":{"@id":"https:\/\/www.woodgym.de\/#organization"},"potentialAction":[{"@type":"SearchAction","target":{"@type":"EntryPoint","urlTemplate":"https:\/\/www.woodgym.de\/?s={search_term_string}"},"query-input":{"@type":"PropertyValueSpecification","valueRequired":true,"valueName":"search_term_string"}}],"inLanguage":"en-GB"},{"@type":"Organization","@id":"https:\/\/www.woodgym.de\/#organization","name":"Holz-Fitnessger\u00e4te von WoodGym","url":"https:\/\/www.woodgym.de\/","logo":{"@type":"ImageObject","inLanguage":"en-GB","@id":"https:\/\/www.woodgym.de\/#\/schema\/logo\/image\/","url":"https:\/\/www.woodgym.de\/wp-content\/uploads\/2026\/01\/woodgym-nur-text-black-bold-200-header.png","contentUrl":"https:\/\/www.woodgym.de\/wp-content\/uploads\/2026\/01\/woodgym-nur-text-black-bold-200-header.png","width":200,"height":29,"caption":"Holz-Fitnessger\u00e4te von WoodGym"},"image":{"@id":"https:\/\/www.woodgym.de\/#\/schema\/logo\/image\/"}}]}},"_links":{"self":[{"href":"https:\/\/www.woodgym.de\/english\/wp-json\/wp\/v2\/product\/1494","targetHints":{"allow":["GET"]}}],"collection":[{"href":"https:\/\/www.woodgym.de\/english\/wp-json\/wp\/v2\/product"}],"about":[{"href":"https:\/\/www.woodgym.de\/english\/wp-json\/wp\/v2\/types\/product"}],"replies":[{"embeddable":true,"href":"https:\/\/www.woodgym.de\/english\/wp-json\/wp\/v2\/comments?post=1494"}],"wp:featuredmedia":[{"embeddable":true,"href":"https:\/\/www.woodgym.de\/english\/wp-json\/wp\/v2\/media\/3276"}],"wp:attachment":[{"href":"https:\/\/www.woodgym.de\/english\/wp-json\/wp\/v2\/media?parent=1494"}],"wp:term":[{"taxonomy":"product_brand","embeddable":true,"href":"https:\/\/www.woodgym.de\/english\/wp-json\/wp\/v2\/product_brand?post=1494"},{"taxonomy":"product_cat","embeddable":true,"href":"https:\/\/www.woodgym.de\/english\/wp-json\/wp\/v2\/product_cat?post=1494"},{"taxonomy":"product_tag","embeddable":true,"href":"https:\/\/www.woodgym.de\/english\/wp-json\/wp\/v2\/product_tag?post=1494"}],"curies":[{"name":"wp","href":"https:\/\/api.w.org\/{rel}","templated":true}]}}